{"id":753,"date":"2022-09-26T14:00:18","date_gmt":"2022-09-26T21:00:18","guid":{"rendered":"https:\/\/www.iccrles.org\/?page_id=753"},"modified":"2022-09-28T20:50:23","modified_gmt":"2022-09-29T03:50:23","slug":"quienes-somos","status":"publish","type":"page","link":"https:\/\/www.staging-f.iccrles.org\/index.php\/quienes-somos\/","title":{"rendered":"Quienes Somos"},"content":{"rendered":"\t\t<div data-elementor-type=\"wp-page\" data-elementor-id=\"753\" class=\"elementor elementor-753\" data-elementor-post-type=\"page\">\n\t\t\t\t\t\t<section class=\"elementor-section elementor-top-section elementor-element elementor-element-e4a4c20 elementor-section-boxed elementor-section-height-default elementor-section-height-default\" data-id=\"e4a4c20\" data-element_type=\"section\" data-e-type=\"section\">\n\t\t\t\t\t\t<div class=\"elementor-container elementor-column-gap-default\">\n\t\t\t\t\t<div class=\"elementor-column elementor-col-100 elementor-top-column elementor-element elementor-element-47dc26d\" data-id=\"47dc26d\" data-element_type=\"column\" data-e-type=\"column\">\n\t\t\t<div class=\"elementor-widget-wrap elementor-element-populated\">\n\t\t\t\t\t\t<div class=\"elementor-element elementor-element-1ff04a4 elementor-widget elementor-widget-heading\" data-id=\"1ff04a4\" data-element_type=\"widget\" data-e-type=\"widget\" data-widget_type=\"heading.default\">\n\t\t\t\t<div class=\"elementor-widget-container\">\n\t\t\t\t\t<h1 class=\"elementor-heading-title elementor-size-xl\">Quienes Somos<\/h1>\t\t\t\t<\/div>\n\t\t\t\t<\/div>\n\t\t\t\t\t<\/div>\n\t\t<\/div>\n\t\t\t\t\t<\/div>\n\t\t<\/section>\n\t\t\t\t<section class=\"elementor-section elementor-top-section elementor-element elementor-element-49d8a4e elementor-section-boxed elementor-section-height-default elementor-section-height-default\" data-id=\"49d8a4e\" data-element_type=\"section\" data-e-type=\"section\">\n\t\t\t\t\t\t<div class=\"elementor-container elementor-column-gap-default\">\n\t\t\t\t\t<div class=\"elementor-column elementor-col-100 elementor-top-column elementor-element elementor-element-8bf0e53\" data-id=\"8bf0e53\" data-element_type=\"column\" data-e-type=\"column\">\n\t\t\t<div class=\"elementor-widget-wrap elementor-element-populated\">\n\t\t\t\t\t\t<div class=\"elementor-element elementor-element-d208ddb elementor-widget elementor-widget-text-editor\" data-id=\"d208ddb\" data-element_type=\"widget\" data-e-type=\"widget\" data-widget_type=\"text-editor.default\">\n\t\t\t\t<div class=\"elementor-widget-container\">\n\t\t\t\t\t\t\t\t\t<p><\/p>\n<div class=\"wp-block-buttons is-content-justification-center is-layout-flex wp-container-core-buttons-is-layout-16018d1d wp-block-buttons-is-layout-flex\">\n<h2 style=\"padding-left: 120px;\"><span style=\"color: #202020; font-family: 'Open Sans', Helvetica, Arial; font-size: 20px;\">Una entidad de certificaci\u00f3n y\u00a0evaluaci\u00f3n\u00a0incorporada\u00a0ante el\u00a0Consejo\u00a0\u00a0Nacional de Normalizaci\u00f3n\u00a0y\u00a0Certificaci\u00f3n de Competencias\u00a0\u00a0Laborales (CONOCER)\u00a0con 11\u00a0a\u00f1os de\u00a0experiencia;\u00a0fue\u00a0creada con\u00a0el fin de\u00a0promover\u00a0el\u00a0desarrollo\u00a0de\u00a0las\u00a0\u00a0competencias de los trabajadores alineadas\u00a0al\u00a0dise\u00f1o\u00a0y\u00a0aplicaci\u00f3n de pol\u00edticas p\u00fablicas\u00a0y\u00a0privadas,\u00a0con acciones\u00a0que promuevan\u00a0la\u00a0productividad en el empleo\u00a0y\u00a0la\u00a0mejora\u00a0de\u00a0las condiciones de trabajo en los mercados laborales,\u00a0\u00a0enfocada\u00a0a\u00a0la competitividad\u00a0de\u00a0las\u00a0\u00a0empresas, sectores\u00a0y\u00a0regiones,\u00a0a trav\u00e9s\u00a0del\u00a0esquema\u00a0de competencias laborales.<\/span><\/h2>\n<\/div>\n<p><\/p>\t\t\t\t\t\t\t\t<\/div>\n\t\t\t\t<\/div>\n\t\t\t\t\t<\/div>\n\t\t<\/div>\n\t\t\t\t\t<\/div>\n\t\t<\/section>\n\t\t\t\t<section class=\"elementor-section elementor-top-section elementor-element elementor-element-363f8f9 elementor-section-boxed elementor-section-height-default elementor-section-height-default\" data-id=\"363f8f9\" data-element_type=\"section\" data-e-type=\"section\">\n\t\t\t\t\t\t<div class=\"elementor-container elementor-column-gap-default\">\n\t\t\t\t\t<div class=\"elementor-column elementor-col-100 elementor-top-column elementor-element elementor-element-1bf1b59\" data-id=\"1bf1b59\" data-element_type=\"column\" data-e-type=\"column\">\n\t\t\t<div class=\"elementor-widget-wrap elementor-element-populated\">\n\t\t\t\t\t\t<div class=\"elementor-element elementor-element-0ed5252 elementor-widget elementor-widget-heading\" data-id=\"0ed5252\" data-element_type=\"widget\" data-e-type=\"widget\" data-widget_type=\"heading.default\">\n\t\t\t\t<div class=\"elementor-widget-container\">\n\t\t\t\t\t<h2 class=\"elementor-heading-title elementor-size-default\"><h2 style=\"font-style: normal;white-space: normal\"><strong style=\"font-size: 20px\">\u00bfQu\u00e9 es una certificaci\u00f3n de competencias?<\/strong><\/h2><\/h2>\t\t\t\t<\/div>\n\t\t\t\t<\/div>\n\t\t\t\t\t<\/div>\n\t\t<\/div>\n\t\t\t\t\t<\/div>\n\t\t<\/section>\n\t\t\t\t<section class=\"elementor-section elementor-top-section elementor-element elementor-element-88c5ad9 elementor-section-boxed elementor-section-height-default elementor-section-height-default\" data-id=\"88c5ad9\" data-element_type=\"section\" data-e-type=\"section\">\n\t\t\t\t\t\t<div class=\"elementor-container elementor-column-gap-default\">\n\t\t\t\t\t<div class=\"elementor-column elementor-col-100 elementor-top-column elementor-element elementor-element-b8038f2\" data-id=\"b8038f2\" data-element_type=\"column\" data-e-type=\"column\">\n\t\t\t<div class=\"elementor-widget-wrap elementor-element-populated\">\n\t\t\t\t\t\t<div class=\"elementor-element elementor-element-c9945a7 elementor-widget elementor-widget-text-editor\" data-id=\"c9945a7\" data-element_type=\"widget\" data-e-type=\"widget\" data-widget_type=\"text-editor.default\">\n\t\t\t\t<div class=\"elementor-widget-container\">\n\t\t\t\t\t\t\t\t\t<h2 style=\"padding-left: 120px;\"><span style=\"font-family: Roboto, sans-serif; font-size: 12px; font-style: normal; font-weight: 400;\">La certificaci\u00f3n de competencias es el proceso a trav\u00e9s del cual las personas demuestran por medio de evidencias, que cuentan con los conocimientos, habilidades y destrezas necesarias para cumplir una funci\u00f3n con un alto nivel de desempe\u00f1o de acuerdo con lo definido en un Est\u00e1ndar de Competencia, sin importar como los hayan adquirido.<\/span><\/h2>\t\t\t\t\t\t\t\t<\/div>\n\t\t\t\t<\/div>\n\t\t\t\t\t<\/div>\n\t\t<\/div>\n\t\t\t\t\t<\/div>\n\t\t<\/section>\n\t\t\t\t<\/div>\n\t\t","protected":false},"excerpt":{"rendered":"<p>Quienes Somos \u00bfQu\u00e9 es una certificaci\u00f3n de competencias? La certificaci\u00f3n de competencias es el proceso a trav\u00e9s del cual las personas demuestran por medio de&hellip;<\/p>\n","protected":false},"author":1,"featured_media":0,"parent":0,"menu_order":0,"comment_status":"closed","ping_status":"closed","template":"","meta":{"footnotes":""},"class_list":["post-753","page","type-page","status-publish","hentry"],"_links":{"self":[{"href":"https:\/\/www.staging-f.iccrles.org\/index.php\/wp-json\/wp\/v2\/pages\/753","targetHints":{"allow":["GET"]}}],"collection":[{"href":"https:\/\/www.staging-f.iccrles.org\/index.php\/wp-json\/wp\/v2\/pages"}],"about":[{"href":"https:\/\/www.staging-f.iccrles.org\/index.php\/wp-json\/wp\/v2\/types\/page"}],"author":[{"embeddable":true,"href":"https:\/\/www.staging-f.iccrles.org\/index.php\/wp-json\/wp\/v2\/users\/1"}],"replies":[{"embeddable":true,"href":"https:\/\/www.staging-f.iccrles.org\/index.php\/wp-json\/wp\/v2\/comments?post=753"}],"version-history":[{"count":16,"href":"https:\/\/www.staging-f.iccrles.org\/index.php\/wp-json\/wp\/v2\/pages\/753\/revisions"}],"predecessor-version":[{"id":893,"href":"https:\/\/www.staging-f.iccrles.org\/index.php\/wp-json\/wp\/v2\/pages\/753\/revisions\/893"}],"wp:attachment":[{"href":"https:\/\/www.staging-f.iccrles.org\/index.php\/wp-json\/wp\/v2\/media?parent=753"}],"curies":[{"name":"wp","href":"https:\/\/api.w.org\/{rel}","templated":true}]}}